{"id":41,"date":"2010-03-08T18:47:27","date_gmt":"2010-03-08T18:47:27","guid":{"rendered":"http:\/\/www.transmar-logistik.de\/web\/?page_id=41"},"modified":"2022-02-06T13:22:20","modified_gmt":"2022-02-06T13:22:20","slug":"uber-mich","status":"publish","type":"page","link":"http:\/\/www.transmar-logistik.de\/web\/?page_id=41","title":{"rendered":"\u00dcber mich"},"content":{"rendered":"<p>Hallo Fans,<\/p>\n<p>ich freue mich, da\u00df Ihr hier bei TRANSMAR vorbeischaut!<\/p>\n<p>Hinter Allem steckt ein 1962 geborener Arzt, der schon seit seiner Kindheit von Lkw\u00b4s begeistert ist. Ich wollte zu DDR-Zeiten immer Fernfahrer bei Deutrans werden &#8211; es wurde dann doch nix draus! Durch den Beruf hat es mich 1988 nach Gera in Th\u00fcringen verschlagen &#8211; seither wohne und arbeite ich hier.<\/p>\n<p>Nach der Wende habe ich dann zun\u00e4chst Herpa-Modelle gesammelt und bin dann durch die Inspiration von Helmut Koppenh\u00f6fer und den Modellbaufreunden und Gleichgesinnten in den Foren im Internet dazu gekommen, meine eigene Spedition aufzubauen &#8211; es begann 2006.<\/p>\n<p>Neben meinem Beruf im Krankenhaus bleibt oft nicht viel Zeit, soda\u00df ich manchmal auch mal eine Weile nicht pr\u00e4sent bin, vor allem habe ich nicht die Zeit, allen anderen, die auch sehr sehr sch\u00f6ne Modelle bauen,in den Foren auch einen Kommentar zu schreiben &#8211; w\u00fcrde es aber oft gern. Und auch die Familie soll ja nicht gar so kurz kommen &#8211; ich widme dann manchmal ein Modell einfach meiner Frau! \ud83d\ude42<\/p>\n<p>Durch das Hobby haben sich auch sehr viele nette Kontakte ergeben, so bin ich selten auch mal mit beim Stammtisch in Dresden.<\/p>\n<p>Ein Highligth war f\u00fcr mich der Artikel \u00fcber TRANSMAR und &#8222;doc evergreen&#8220; im Sonderheft des FERNFAHRER 2008.<\/p>\n<p>Mittlerweile sind etliche Artikel dazu gekommen, manche im Fernfahrer, im Magazin von MAN, zweimal war ein Modell von mir auf dem Titelblatt der Holl\u00e4ndischen Lkw-Modellbauzeitschrift.<\/p>\n<p>Man bemerkt aber an sich selbst im Laufe der Zeit, wie sich der eigene Anspruch an die Modelle \u00e4ndert und wie viel man anfangs falsch gemacht hat! Sch\u00f6n ist hierbei die Diskussion in den Foren &#8211; man kann immer noch dazulernen &#8211; zumal ich ja nicht so vom Fach bin! \ud83d\ude42<\/p>\n<p>Neben dem Modellbau fotografiere ich sehr gerne und hoffe, da\u00df Euch die Bilder gefallen. Ich habe eine relativ einfache und alte Digitalkamera von CANON &#8211; die G2, sie hat max. 4 Mio Pixel. Allerdings fotografiere ich ich selten in einer so hohen Aufl\u00f6sung und ich verwende fast immer ein Stativ &#8211; am liebsten bei Tageslicht.<\/p>\n<p>Mein Dio seht Ihr in der entsprechenden Rubrik. Lange Zeit war es ein einfaches , auf ein Brett geklebtes St\u00fcck Stra\u00dfe, seit 2009 habe ich das Diorama von Wolfgang Maass (Miniaturwelten) &#8211; es ist nach einigen \u00c4nderungen und Detail\u00fcberarbeitungen seit Januar 2010 nun auch &#8222;in Betrieb&#8220;!<\/p>\n<p>Meine Bastelwerkstatt ist der E\u00dftisch in unserem Wohnzimmer (zum Leidwesen meiner Frau!, z.B. Alclad II umgekippt :-)) , aber so kann ich trotzdem am Tagesgeschehen etwas teilnehmen.<\/p>\n<p>Au\u00dferdem bin ich ein begeisterter Freerider (bike) und ich &#8222;spiele&#8220; manchmal mit meinem 1:8 er brushless stadium-truck &#8211; das macht einen Riesenspa\u00df!<\/p>\n<p>Alle in Allem denke ich, da\u00df bei mir das Kind im Manne auf alle F\u00e4lle noch lebt!<\/p>\n<p>Ich w\u00fcnsche Euch nun viel Spa\u00df mit den Bildern &#8211; alle TRANSMAR-Fans haben hier nun die seit langem erwartete \u00dcbersicht!<\/p>\n<p>Und nat\u00fcrlich w\u00fcrde ich mich \u00fcber einen kleinen Eintrag ins G\u00e4stebuch freuen!<\/p>\n<p>An dieser Stelle danke ich lieb meiner Tochter Julia und ihrem Freund Marco, die mir beim Erstellen der hp mit Rat und Tat zur Seite standen!<\/p>\n<p>Im Juli 2010 h\u00e4tte mich ein mandarinengro\u00dfer, seltener\u00a0Hirntumor beinahe meine Feinmotorik gekostet. Aber Dank des gro\u00dfen K\u00f6nnens von OA Schr\u00f6ter in Bad Berka hatte ich ein Riesengl\u00fcck und habe die OP ohne bleibende Beeintr\u00e4chtigungen \u00fcberstanden!\u00a0 Ich hatte schon \u00b4ne ganz sch\u00f6ne Angst!<\/p>\n<p>Euer doc evergreen \/ Stefan \/ Transmar<\/p>\n","protected":false},"excerpt":{"rendered":"<p>Hallo Fans, ich freue mich, da\u00df Ihr hier bei TRANSMAR vorbeischaut! Hinter Allem steckt ein 1962 geborener Arzt, der schon seit seiner Kindheit von Lkw\u00b4s begeistert ist. Ich wollte zu DDR-Zeiten immer Fernfahrer bei Deutrans werden &#8211; es wurde dann doch nix draus! Durch den Beruf hat es mich 1988 nach Gera in Th\u00fcringen verschlagen [&hellip;]<\/p>\n","protected":false},"author":2,"featured_media":0,"parent":0,"menu_order":4,"comment_status":"open","ping_status":"open","template":"","meta":[],"_links":{"self":[{"href":"http:\/\/www.transmar-logistik.de\/web\/index.php?rest_route=\/wp\/v2\/pages\/41"}],"collection":[{"href":"http:\/\/www.transmar-logistik.de\/web\/index.php?rest_route=\/wp\/v2\/pages"}],"about":[{"href":"http:\/\/www.transmar-logistik.de\/web\/index.php?rest_route=\/wp\/v2\/types\/page"}],"author":[{"embeddable":true,"href":"http:\/\/www.transmar-logistik.de\/web\/index.php?rest_route=\/wp\/v2\/users\/2"}],"replies":[{"embeddable":true,"href":"http:\/\/www.transmar-logistik.de\/web\/index.php?rest_route=%2Fwp%2Fv2%2Fcomments&post=41"}],"version-history":[{"count":11,"href":"http:\/\/www.transmar-logistik.de\/web\/index.php?rest_route=\/wp\/v2\/pages\/41\/revisions"}],"predecessor-version":[{"id":533,"href":"http:\/\/www.transmar-logistik.de\/web\/index.php?rest_route=\/wp\/v2\/pages\/41\/revisions\/533"}],"wp:attachment":[{"href":"http:\/\/www.transmar-logistik.de\/web\/index.php?rest_route=%2Fwp%2Fv2%2Fmedia&parent=41"}],"curies":[{"name":"wp","href":"https:\/\/api.w.org\/{rel}","templated":true}]}}